{"id":352,"date":"2024-01-20T12:22:12","date_gmt":"2024-01-20T11:22:12","guid":{"rendered":"https:\/\/open-concept.fr\/?page_id=352"},"modified":"2025-01-13T19:31:39","modified_gmt":"2025-01-13T18:31:39","slug":"surete-cybersecurite","status":"publish","type":"page","link":"https:\/\/open-concept.fr\/?page_id=352","title":{"rendered":"S\u00fbret\u00e9 &#038; Cybers\u00e9curit\u00e9"},"content":{"rendered":"\n<p>La s\u00fbret\u00e9 du b\u00e2timent et des donn\u00e9es constituent un v\u00e9ritable enjeu dans la continuit\u00e9 d&rsquo;exploitation. Les intrusions physiques et les attaques malveillantes sont devenues un v\u00e9ritable fl\u00e9au qui concerne toutes les tailles d&rsquo;entreprises et tous les secteurs.<\/p>\n\n\n\n<p>OPEN-concept dispose des connaissances et de l&rsquo;exp\u00e9rience dans ces domaines et vous permet d&rsquo;anticiper en r\u00e9alisant un audit pr\u00e9liminaire afin de conna\u00eetre les failles potentielles et les mesures correctives envisageables.<\/p>\n\n\n\n<h2 class=\"wp-block-heading has-ast-global-color-0-color has-text-color has-link-color wp-elements-138c128eee94210148de4b581fe4f6dd\">S\u00fbret\u00e9 physique<\/h2>\n\n\n\n<p>Les syst\u00e8mes de <strong>contr\u00f4le d&rsquo;acc\u00e8<\/strong>s et de <strong>vid\u00e9oprotection<\/strong> sont tr\u00e8s nombreux et n&rsquo;offrent pas tous le m\u00eame niveau de protection des biens et des personnes. Les choix des technologies et l&rsquo;\u00e9volution des protocoles d&rsquo;encryptage les rendent vuln\u00e9rables dans le temps si aucune mise \u00e0 jour mat\u00e9rielle ou logicielle n&rsquo;est engag\u00e9e.<\/p>\n\n\n\n<div class=\"wp-block-media-text is-stacked-on-mobile\" style=\"margin-top:0;margin-bottom:var(--wp--preset--spacing--50);grid-template-columns:40% auto\"><figure class=\"wp-block-media-text__media\"><img loading=\"lazy\" decoding=\"async\" width=\"2560\" height=\"1709\" src=\"http:\/\/open-concept.fr\/WordPress\/wp-content\/uploads\/2025\/01\/safety-scaled.jpg\" alt=\"\" class=\"wp-image-872 size-full\" srcset=\"https:\/\/open-concept.fr\/WordPress\/wp-content\/uploads\/2025\/01\/safety-scaled.jpg 2560w, https:\/\/open-concept.fr\/WordPress\/wp-content\/uploads\/2025\/01\/safety-300x200.jpg 300w, https:\/\/open-concept.fr\/WordPress\/wp-content\/uploads\/2025\/01\/safety-1024x683.jpg 1024w, https:\/\/open-concept.fr\/WordPress\/wp-content\/uploads\/2025\/01\/safety-768x513.jpg 768w, https:\/\/open-concept.fr\/WordPress\/wp-content\/uploads\/2025\/01\/safety-1536x1025.jpg 1536w\" sizes=\"auto, (max-width: 2560px) 100vw, 2560px\" \/><\/figure><div class=\"wp-block-media-text__content\">\n<blockquote class=\"wp-block-quote is-layout-flow wp-block-quote-is-layout-flow\" style=\"font-size:16px\">\n<p>Nous r\u00e9alisons un audit des installations afin de proposer les \u00e9volutions n\u00e9cessaires au niveau de protection des biens et des personnes vis\u00e9. Ces \u00e9volutions sont syst\u00e9matiquement conformes au <strong>RGPD <\/strong>et aux r\u00e8gles de confidentialit\u00e9 propres \u00e0 chaque entreprise. La bonne connaissance des pr\u00e9conisation de l&rsquo;<strong>ANSSI <\/strong>nous permet d&rsquo;adapter l&rsquo;architecture des syst\u00e8mes au niveau d&rsquo;exigence de chaque m\u00e9tier.<\/p>\n<\/blockquote>\n<\/div><\/div>\n\n\n\n<h2 class=\"wp-block-heading has-ast-global-color-0-color has-text-color has-link-color wp-elements-7e2166495f0c0b6e347565ccb44899b5\">Cybers\u00e9curit\u00e9<\/h2>\n\n\n\n<p>Une <strong>intrusion malveillante<\/strong> n&rsquo;arrive pas toujours aux autres. Tr\u00e8s peu d&rsquo;entreprises victimes d&rsquo;actes malveillant ou de demande de ran\u00e7on ne diffusent cette information pour des raisons \u00e9videntes. Ainsi il devient indispensable d&rsquo;int\u00e9grer ce risque dans les crit\u00e8res de continuit\u00e9 d&rsquo;exploitation de la soci\u00e9t\u00e9.<\/p>\n\n\n\n<div class=\"wp-block-media-text has-media-on-the-right is-stacked-on-mobile\" style=\"grid-template-columns:auto 40%\"><div class=\"wp-block-media-text__content\">\n<blockquote class=\"wp-block-quote is-layout-flow wp-block-quote-is-layout-flow\" style=\"font-size:14px\">\n<p>Les solutions que nous proposons reposent sur une architecture <strong>Open source<\/strong> peu co\u00fbteuse et int\u00e9grant des \u00e9quipements de derni\u00e8re g\u00e9n\u00e9ration. Cette solution est compl\u00e9mentaire \u00e0 notre <a href=\"http:\/\/open-concept.fr\/?page_id=71\" data-type=\"link\" data-id=\"http:\/\/open-concept.fr\/?page_id=71\">r\u00e9seau f\u00e9d\u00e9rateur<\/a> et <a href=\"http:\/\/open-concept.fr\/?page_id=210\" data-type=\"link\" data-id=\"http:\/\/open-concept.fr\/?page_id=210\">supervision<\/a> en permettant de ma\u00eetriser la globalit\u00e9 du parcours des donn\u00e9es depuis le WAN jusqu&rsquo;aux \u00e9quipements techniques terminaux du b\u00e2timent.<\/p>\n<\/blockquote>\n<\/div><figure class=\"wp-block-media-text__media\"><img loading=\"lazy\" decoding=\"async\" width=\"1024\" height=\"683\" src=\"http:\/\/open-concept.fr\/WordPress\/wp-content\/uploads\/2024\/01\/macbook-1024x683.jpg\" alt=\"\" class=\"wp-image-432 size-full\" srcset=\"https:\/\/open-concept.fr\/WordPress\/wp-content\/uploads\/2024\/01\/macbook-1024x683.jpg 1024w, https:\/\/open-concept.fr\/WordPress\/wp-content\/uploads\/2024\/01\/macbook-300x200.jpg 300w, https:\/\/open-concept.fr\/WordPress\/wp-content\/uploads\/2024\/01\/macbook-768x512.jpg 768w, https:\/\/open-concept.fr\/WordPress\/wp-content\/uploads\/2024\/01\/macbook-1536x1024.jpg 1536w, https:\/\/open-concept.fr\/WordPress\/wp-content\/uploads\/2024\/01\/macbook-2048x1365.jpg 2048w\" sizes=\"auto, (max-width: 1024px) 100vw, 1024px\" \/><\/figure><\/div>\n\n\n\n<p><\/p>\n","protected":false},"excerpt":{"rendered":"<p>La s\u00fbret\u00e9 du b\u00e2timent et des donn\u00e9es constituent un v\u00e9ritable enjeu dans la continuit\u00e9 d&rsquo;exploitation. Les intrusions physiques et les [&hellip;]<\/p>\n","protected":false},"author":1,"featured_media":0,"parent":355,"menu_order":2,"comment_status":"closed","ping_status":"closed","template":"","meta":{"site-sidebar-layout":"default","site-content-layout":"","ast-site-content-layout":"default","site-content-style":"default","site-sidebar-style":"default","ast-global-header-display":"","ast-banner-title-visibility":"","ast-main-header-display":"","ast-hfb-above-header-display":"","ast-hfb-below-header-display":"","ast-hfb-mobile-header-display":"","site-post-title":"","ast-breadcrumbs-content":"","ast-featured-img":"","footer-sml-layout":"","ast-disable-related-posts":"","theme-transparent-header-meta":"","adv-header-id-meta":"","stick-header-meta":"","header-above-stick-meta":"","header-main-stick-meta":"","header-below-stick-meta":"","astra-migrate-meta-layouts":"default","ast-page-background-enabled":"default","ast-page-background-meta":{"desktop":{"background-color":"var(--ast-global-color-4)","background-image":"","background-repeat":"repeat","background-position":"center center","background-size":"auto","background-attachment":"scroll","background-type":"","background-media":"","overlay-type":"","overlay-color":"","overlay-opacity":"","overlay-gradient":""},"tablet":{"background-color":"","background-image":"","background-repeat":"repeat","background-position":"center center","background-size":"auto","background-attachment":"scroll","background-type":"","background-media":"","overlay-type":"","overlay-color":"","overlay-opacity":"","overlay-gradient":""},"mobile":{"background-color":"","background-image":"","background-repeat":"repeat","background-position":"center center","background-size":"auto","background-attachment":"scroll","background-type":"","background-media":"","overlay-type":"","overlay-color":"","overlay-opacity":"","overlay-gradient":""}},"ast-content-background-meta":{"desktop":{"background-color":"var(--ast-global-color-5)","background-image":"","background-repeat":"repeat","background-position":"center center","background-size":"auto","background-attachment":"scroll","background-type":"","background-media":"","overlay-type":"","overlay-color":"","overlay-opacity":"","overlay-gradient":""},"tablet":{"background-color":"var(--ast-global-color-5)","background-image":"","background-repeat":"repeat","background-position":"center center","background-size":"auto","background-attachment":"scroll","background-type":"","background-media":"","overlay-type":"","overlay-color":"","overlay-opacity":"","overlay-gradient":""},"mobile":{"background-color":"var(--ast-global-color-5)","background-image":"","background-repeat":"repeat","background-position":"center center","background-size":"auto","background-attachment":"scroll","background-type":"","background-media":"","overlay-type":"","overlay-color":"","overlay-opacity":"","overlay-gradient":""}},"footnotes":""},"class_list":["post-352","page","type-page","status-publish","hentry"],"_links":{"self":[{"href":"https:\/\/open-concept.fr\/index.php?rest_route=\/wp\/v2\/pages\/352","targetHints":{"allow":["GET"]}}],"collection":[{"href":"https:\/\/open-concept.fr\/index.php?rest_route=\/wp\/v2\/pages"}],"about":[{"href":"https:\/\/open-concept.fr\/index.php?rest_route=\/wp\/v2\/types\/page"}],"author":[{"embeddable":true,"href":"https:\/\/open-concept.fr\/index.php?rest_route=\/wp\/v2\/users\/1"}],"replies":[{"embeddable":true,"href":"https:\/\/open-concept.fr\/index.php?rest_route=%2Fwp%2Fv2%2Fcomments&post=352"}],"version-history":[{"count":23,"href":"https:\/\/open-concept.fr\/index.php?rest_route=\/wp\/v2\/pages\/352\/revisions"}],"predecessor-version":[{"id":1148,"href":"https:\/\/open-concept.fr\/index.php?rest_route=\/wp\/v2\/pages\/352\/revisions\/1148"}],"up":[{"embeddable":true,"href":"https:\/\/open-concept.fr\/index.php?rest_route=\/wp\/v2\/pages\/355"}],"wp:attachment":[{"href":"https:\/\/open-concept.fr\/index.php?rest_route=%2Fwp%2Fv2%2Fmedia&parent=352"}],"curies":[{"name":"wp","href":"https:\/\/api.w.org\/{rel}","templated":true}]}}